Let h(z) = 3*z**2 + 14*z - 57. Let a be h(-14). Calculate the greatest common divisor of a and 134.
67
Let m = -311 + 327. What is the greatest common factor of 144 and m?
16
Suppose 0 = -5*o + 10*o - 160. What is the greatest common divisor of 36 and o?
4
Let y(h) = h**3 + 6*h**2 + 5*h + 6. Let w be y(-5). Let g be w*40*(-3)/(-9). Let r be (-3 - -2 - -2) + g. Calculate the highest common factor of r and 9.
9
Let y be 3/((1 - -4)/20). Let m be (4 + -7)/(y/(-92)). Suppose 3*o = -5 + m. What is the highest common factor of 15 and o?
3
Let y = -599 - -659. Calculate the highest common divisor of 960 and y.
60
Let f(r) = r**2 - 5*r - 32. Let p be f(-6). Calculate the greatest common factor of p and 646.
34
Suppose 6*s - 4*o = s + 191, s + o - 31 = 0. Let p be -2*3/(-30) + (-9534)/(-30). Let n = 67 + p. Calculate the greatest common divisor of n and s.
35
Suppose 0 = -2*k + k - 224. Let n = -77 - k. Calculate the greatest common factor of n and 21.
21
Let f(t) = 2*t**2 - 18*t + 43. Let j be f(14). Calculate the greatest common divisor of 244 and j.
61
Let a(t) = 156*t**2 - 2*t - 1. Suppose 10*v = 11*v + 1. Let k be a(v). Let q = k - 105. What is the highest common factor of 13 and q?
13
Let j(g) = -g**3 + 8*g**2. Let n be j(8). Suppose 4*q - 3*p - 7 = 10, n = -3*q + 4*p + 4. What is the highest common divisor of q and 32?
8
Let y(o) = 2*o + 6. Let r be y(9). What is the greatest common factor of 324 and r?
12
Let q be 125/15 + (-4)/(-6). Let f(w) = w**3 - 18*w**2 - 39*w - 18. Let c be f(20). Calculate the highest common divisor of q and c.
1
Let v = -150 + 181. Suppose 3*h - 64 = -v. Calculate the highest common factor of 253 and h.
11
Let b be (-1)/(2/(-8)*40/30). Calculate the highest common factor of b and 87.
3
Suppose 18*r = 25*r - 14. Calculate the highest common divisor of r and 46.
2
Let y(m) = m**2 + 2*m - 5. Let r = -44 + 47. Let o be y(r). Calculate the highest common factor of 110 and o.
10
Let g(z) = -z**2 + 20*z - 19. Let w be g(19). Let n be 4/(-10) + (62/5 - w). Calculate the greatest common divisor of 6 and n.
6
Let n be (-12)/8*72/(-6). Calculate the greatest common factor of n and 414.
18
Let f(m) be the second derivative of -m**5/20 + 5*m**4/6 - m**3 - 11*m**2 - 3*m. Let v be f(9). What is the highest common divisor of 10 and v?
5
Suppose -2*k + 10 = 0, -9*m + k = -10*m + 13. What is the highest common factor of 104 and m?
8
Suppose 16 = 2*r - 2. Let n be -13 - (-5)/(15/r). Let b be 8/20 - 436/n. What is the highest common divisor of b and 11?
11
Let n be (6 + (-4)/(-1))/(-1). Let b = n + 21. Let j = b + -6. Calculate the highest common factor of j and 25.
5
Let d be (-50)/(-8) - (-1)/(-4). Suppose 5*v + 479 = 494, -5*v + 45 = 2*q. What is the highest common factor of q and d?
3
Let y be 4 - (-2)/5*-5. Let j = y - -29. Calculate the highest common divisor of j and 31.
31
Let n(d) = 8*d**2 + 4*d - 32. Let k be n(4). Suppose 2*t = -2*t, -4*t + 80 = 5*c. Calculate the highest common factor of c and k.
16
Suppose 0 = -0*n + 2*n - 40. Let v(s) = -368*s + 5988. Let z be v(16). What is the highest common factor of n and z?
20
Suppose -2*m = -m - 3. Suppose -40 = -m*i - n, -3*i + 43 = -3*n + 7*n. Let c = 24 - i. Calculate the greatest common divisor of c and 44.
11
Let l be ((-160)/15)/((-2)/6). Suppose g + 2*g + 2*r = 64, 8 = 4*r. Let f = l - g. What is the greatest common divisor of f and 8?
4
Suppose 4*y = y - 66. Let a = y + 32. Let s be a*1 + 18/(-6). What is the highest common factor of 63 and s?
7
Suppose 33*q - 67 = 32. What is the highest common factor of 81 and q?
3
Suppose -7*w + 9*w = -216. Let y be ((-9)/2)/(3/w). Let h = y + -77. Calculate the greatest common factor of h and 34.
17
Let j = -12 - -17. Let q = -115 + 183. Suppose q = 4*m + 8. What is the highest common divisor of j and m?
5
Let u = -33 - -33. Suppose c + u*c - 3*v = 72, 2*c - 139 = 5*v. Calculate the greatest common divisor of c and 171.
57
Let h(s) = -4*s**3 + 7*s**2 + 18*s + 21. Let a be h(-3). Let x be 1/2 - (-182)/4. What is the greatest common factor of x and a?
46
Let g = -15 - 10. Let q(h) = -2*h**2 + 42*h - 35. Let s be q(21). Let n = g - s. Calculate the highest common divisor of n and 70.
10
Let t be (123/123)/(((-4)/(-2))/1246). Calculate the highest common factor of 178 and t.
89
Let a(l) = 19*l + 8. Let d be a(4). Suppose -7*p - d = -11*p. Calculate the greatest common factor of 7 and p.
7
Let q be (8/7)/(-10*(-10)/1400). Suppose -36 = 3*h - 276. What is the greatest common factor of q and h?
16
Suppose 5*f - 5 - 4 = -2*a, 5*f = a - 27. Suppose -a = -2*q - q. Suppose -3*r = l + l - 92, 4*r = -q*l + 120. What is the greatest common divisor of 4 and r?
4
Let m be (36/(-30) - 3)*-15. Calculate the highest common divisor of 105 and m.
21
Let b(k) = -3*k**2 + 4*k + 9. Let c be b(2). Calculate the highest common divisor of c and 465.
5
Suppose 0*s = -2*s + 10. Suppose 0 = r + f - 7, -4*f = -r - 2 - 1. What is the highest common divisor of r and s?
5
Let k be ((-6)/4)/(6/(-432)*3). Let s = 15 - -12. What is the highest common factor of k and s?
9
Let w be (-12 - -9) + 9 + -1. Let x be (-2 - -4)/(-1) + 52. What is the highest common divisor of x and w?
5
Let r = 17 + -35. Let l = r + 27. Let d be 14/18 + 2/l. What is the highest common factor of d and 5?
1
Let o = 64 + -60. Suppose 3*u + 11 = o*u. Calculate the highest common divisor of u and 121.
11
Let h(a) = 3*a + 35. Let i be h(-15). Let d be -2*1/(-4) - 345/i. Calculate the highest common factor of d and 14.
7
Let w = 237 - 145. Suppose 3*l + 3*o = l + 8, 0 = -l + 4*o + 4. Calculate the highest common divisor of w and l.
4
Let o = -250 - -268. Calculate the greatest common divisor of 306 and o.
18
Suppose -27 = 2*c - 111. Suppose -3*z = 11*w - 14*w - 60, 2*z - 39 = 3*w. What is the highest common divisor of c and z?
21
Suppose 0 = -11*u + 8*u + 33. Suppose -5*q - 331 = -4*i - 38, 3*q - 9 = 0. Calculate the greatest common factor of u and i.
11
Let m(r) = 11*r - 1. Let p be m(-1). Let b be (-4)/(-6) - (-8)/p. Suppose k + 2*x = -1, -5*x + b*x = 2*k + 3. What is the greatest common divisor of k and 3?
1
Suppose 20*b = 18*b + 44. Let c = b + 1. Suppose 23 = z - 0*z. What is the greatest common divisor of z and c?
23
Let h(j) = 2*j + 27. Let l be h(-2). What is the greatest common factor of l and 368?
23
Let p be 6/99 - 17780/(-660). What is the greatest common factor of 36 and p?
9
Let f(t) = 7*t**2 + 106*t + 27. Let x be f(-15). Let s(d) = -2*d**3 - 2*d**2 - 3*d + 3. Let j be s(-3). Calculate the greatest common factor of x and j.
12
Suppose -72 = 46*w - 50*w + 5*f, -2*f + 90 = 5*w. What is the highest common divisor of w and 477?
9
Suppose s - 6*s = -u + 69, 55 = -3*s + 4*u. Let f = s - -5. Let m be (-2 - f/7)*-42. Calculate the greatest common divisor of 54 and m.
18
Let n(d) = 3*d + 31. Let i be n(-7). Let w be ((-134)/(-6) + 1)*3. Calculate the highest common divisor of i and w.
10
Let k = -14 - -14. Suppose k*t - 5*z = -t + 17, 0 = 5*t + 5*z - 25. What is the highest common divisor of 77 and t?
7
Suppose 8*i + 680 = 1592. What is the highest common divisor of i and 2?
2
Let f = -225 - -69. Let b = 332 + f. Calculate the greatest common divisor of b and 16.
16
Let c(s) = -s**3 + 9*s**2 + 33*s + 58. Let i be c(10). What is the greatest common divisor of i and 108?
36
Let n be (-20)/6*(-72)/3. Suppose 360 + n = 2*d. What is the greatest common divisor of 20 and d?
20
Let v be 4/8 + 2/((-12)/(-9)). Suppose v*k = 0, -i - 2*k = 10 - 148. What is the greatest common divisor of 92 and i?
46
Let g(y) = -3*y - y**2 + 3 + 6*y - 5 + 1 + y**3. Let p be g(2). What is the highest common factor of 3 and p?
3
Let v = -660 + 682. Calculate the greatest common factor of v and 110.
22
Let v be -5 - 6824/(-120) - (-2)/15. Calculate the highest common divisor of 12 and v.
4
Suppose -8*s = -18*s + 100. Suppose -3*i + 0 = -6. Suppose 0 = -4*y - i*o + 360, -y + 90 = -0*o + 3*o. What is the highest common divisor of s and y?
10
Let c be (-130)/(-9) - (-444)/(-999). What is the greatest common factor of c and 119?
7
Suppose -7*o = 11 - 46. Suppose -o*n = -4*y - 104 + 30, -5*y = -5*n + 75. Calculate the greatest common divisor of n and 6.
2
Let t(p) be the second derivative of 5*p**4/3 + p**3/2 - p**2 - 6*p. Let a be t